 (base 4) to base 2.
101
What is 14 (base 7) in base 5?
21
Convert 1011 (base 2) to base 12.
b
Convert -14 (base 12) to base 4.
-100
Convert 75 (base 12) to base 13.
6b
What is -10100 (base 2) in base 4?
-110
What is -11 (base 15) in base 4?
-100
Convert 164 (base 7) to base 15.
65
145 (base 12) to base 7
401
-1 (base 15) to base 7
-1
-3 (base 11) to base 13
-3
Convert 5 (base 15) to base 10.
5
What is 107 (base 8) in base 6?
155
What is 1 (base 5) in base 11?
1
100 (base 5) to base 3
221
What is 1 (base 6) in base 9?
1
Convert -46 (base 7) to base 14.
-26
What is -2 (base 13) in base 12?
-2
Convert -a (base 14) to base 16.
-a
2 (base 16) to base 7
2
265 (base 7) to base 12
101
Convert -4 (base 11) to base 5.
-4
120 (base 5) to base 8
43
10 (base 14) to base 9
15
405 (base 7) to base 2
11001001
Convert 107 (base 10) to base 16.
6b
100 (base 2) to base 4
10
Convert -107 (base 15) to base 3.
-22121
-a (base 15) to base 5
-20
Convert -10112 (base 3) to base 8.
-137
Convert 29 (base 16) to base 12.
35
-98 (base 13) to base 5
-1000
Convert -3 (base 4) to base 2.
-11
Convert 20 (base 12) to base 11.
22
Convert -142 (base 9) to base 2.
-1110111
Convert 2 (base 4) to base 7.
2
What is 17 (base 8) in base 6?
23
11 (base 2) to base 9
3
Convert 101 (base 4) to base 15.
12
6 (base 10) to base 9
6
47 (base 11) to base 6
123
Convert -220 (base 4) to base 14.
-2c
38 (base 13) to base 14
35
Convert 3 (base 7) to base 16.
3
1 (base 4) to base 16
1
40 (base 16) to base 14
48
Convert 5f (base 16) to base 11.
87
-2 (base 14) to base 6
-2
What is a (base 15) in base 10?
10
What is -40 (base 7) in base 10?
-28
4 (base 14) to base 13
4
What is 10 (base 7) in base 16?
7
7 (base 11) to base 7
10
What is 1100 (base 2) in base 5?
22
Convert 1 (base 7) to base 6.
1
1403 (base 5) to base 15
103
What is -24 (base 11) in base 7?
-35
What is 1153 (base 6) in base 5?
2120
What is -11111 (base 2) in base 6?
-51
66 (base 13) to base 9
103
Convert -133 (base 6) to base 12.
-49
What is -1 (base 15) in base 8?
-1
Convert 1b5 (base 14) to base 2.
101100011
-10010001 (base 2) to base 9
-171
Convert -23 (base 4) to base 16.
-b
Convert 83 (base 16) to base 13.
a1
Convert 101 (base 3) to base 12.
a
-4 (base 6) to base 7
-4
Convert 36 (base 11) to base 2.
100111
What is -5 (base 14) in base 6?
-5
1021 (base 4) to base 10
73
-4e (base 15) to base 5
-244
-104 (base 7) to base 3
-1222
What is 301 (base 5) in base 16?
4c
Convert 55 (base 7) to base 16.
28
Convert -5 (base 11) to base 3.
-12
Convert 2 (base 11) to base 3.
2
What is 14 (base 5) in base 3?
100
11 (base 6) to base 5
12
What is 21 (base 5) in base 14?
b
Convert -167 (base 8) to base 15.
-7e
-3 (base 9) to base 12
-3
What is 12 (base 3) in base 14?
5
What is -23 (base 11) in base 9?
-27
Convert -1001001 (base 2) to base 3.
-2201
Convert -21 (base 6) to base 9.
-14
What is 1332 (base 4) in base 6?
330
Convert -5 (base 13) to base 14.
-5
What is -1021 (base 3) in base 10?
-34
1 (base 7) to base 2
1
What is 4 (base 10) in base 11?
4
-5 (base 15) to base 14
-5
-1 (base 16) to base 14
-1
84 (base 16) to base 13
a2
What is -10 (base 3) in base 15?
-3
130 (base 5) to base 9
44
-110000 (base 2) to base 3
-1210
10111 (base 2) to base 3
212
Convert 2 (base 3) to base 8.
2
What is -14 (base 9) in base 6?
-21
Convert 98 (base 10) to base 15.
68
6 (base 14) to base 5
11
What is -32 (base 13) in base 2?
-101001
-88 (base 10) to base 8
-130
What is 121 (base 9) in base 5?
400
-47 (base 14) to base 7
-120
What is 10010 (base 2) in base 9?
20
-2 (base 12) to base 4
-2
What is 9 (base 10) in base 14?
9
What is -45 (base 15) in base 13?
-50
What is -111 (base 3) in base 16?
-d
50 (base 13) to base 8
101
Convert 1 (base 14) to base 4.
1
Convert -5 (base 16) to base 13.
-5
Convert 1 (base 4) to base 11.
1
What is -1234 (base 5) in base 7?
-365
Convert -22 (base 4) to base 7.
-13
Convert -11 (base 2) to base 10.
-3
-1b (base 12) to base 15
-18
What is 1 (base 2) in base 5?
1
What is -1 (base 16) in base 6?
-1
Convert 333 (base 7) to base 9.
210
Convert 1 (base 8) to base 3.
1
Convert 11112 (base 3) to base 13.
95
Convert -23 (base 8) to base 10.
-19
Convert -9 (base 12) to base 8.
-11
Convert 0 (base 3) to base 5.
0
Convert 101 (base 2) to base 11.
5
-23 (base 13) to base 4
-131
Convert -1 (base 8) to base 14.
-1
-25 (base 15) to base 16
-23
Convert -1103 (base 5) to base 13.
-ba
Convert -d9 (base 15) to base 11.
-176
-2 (base 14) to base 8
-2
Convert 1 (base 6) to base 2.
1
Convert 26 (base 15) to base 13.
2a
-5 (base 16) to base 15
-5
5 (base 16) to base 13
5
Convert 10 (base 2) to base 5.
2
Convert 3 (base 8) to base 2.
11
-11110 (base 2) to base 14
-22
2 (base 14) to base 8
2
6 (base 13) to base 15
6
Convert 4 (base 16) to base 14.
4
-101 (base 2) to base 10
-5
Convert 4 (base 13) to base 12.
4
What is 28 (base 14) in base 15?
26
Convert -266 (base 7) to base 6.
-402
What is 6 (base 12) in base 7?
6
-12 (base 10) to base 9
-13
What is 2 (base 16) in base 13?
2
72 (base 16) to base 15
79
3 (base 12) to base 8
3
What is 88 (base 12) in base 6?
252
-133 (base 5) to base 11
-3a
-16 (base 11) to base 16
-11
-3 (base 13) to base 16
-3
-11 (base 15) to base 2
-10000
What is 323 (base 5) in base 11?
80
What is -8 (base 12) in base 9?
-8
What is 35 (base 7) in base 2?
11010
Convert 22 (base 10) to base 2.
10110
What is -23 (base 11) in base 7?
-34
What is 7 (base 11) in base 4?
13
-46 (base 8) to base 13
-2c
What is 15 (base 13) in base 4?
102
407 (base 9) to base 11
281
Convert -1 (base 8) to base 10.
-1
2 (base 12) to base 8
2
-121 (base 3) to base 7
-22
11 (base 9) to base 4
22
Convert 67 (base 14) to base 8.
133
Convert -59 (base 10) to base 11.
-54
-6 (base 14) to base 8
-6
110 (base 2) to base 10
6
-104 (base 5) to base 9
-32
What is -2 (base 6) in base 9?
-2
6 (base 7) to base 12
6
What is 1 (base 9) in base 16?
1
Convert 21220 (base 3) to base 9.
256
Convert 121 (base 6) to base 14.
37
161 (base 7) to base 8
134
What is -611 (base 7) in base 12?
-212
What is -22 (base 4) in base 2?
-1010
-52 (base 6) to base 13
-26
What is -7 (base 12) in base 7?
-10
-2 (base 8) to base 15
-2
0 (base 3) to base 7
0
What is 193 (base 16) in base 3?
112221
2 (base 9) to base 4
2
What is -12 (base 13) in base 3?
-120
What is -9 (base 13) in base 14?
-9
Convert 43 (base 7) to base 16.
1f
What is -22 (base 9) in base 7?
-26
What is -143 (base 6) in base 16?
-3f
34 (base 16) to base 9
57
-66 (base 14) to base 13
-6c
Convert 2 (base 7) to base 11.
2
What is 434 (base 5) in base 10?
119
What is 4 (base 9) in base 8?
4
Convert -8a (base 14) to base 2.
-1111010
0 (base 10) to base 14
0
What is 11 (base 4) in base 16?
5
Convert 220 (base 4) to base 10.
40
What is -251 (base 6) in base 9?
-124
4 (base 10) to base 13
4
32 (base 4) to base 13
11
-15a (base 12) to base 7
-424
-301 (base 6) to base 14
-7b
What is 6 (base 14) in base 11?
6
What is 5 (base 11) in base 13?
5
Convert 25 (base 14) to base 16.
21
Convert 11 (base 10) to base 4.
23
Convert 2 (base 7) to base 4.
2
What is 100 (base 2) in base 4?
10
What is 0 (base 12) in base 4?
0
Convert -223 (base 8) to base 2.
-10010011
What is -5 (base 15) in base 16?
-5
Convert 31 (base 6) to base 12.
17
-4 (base 5) to base 2
-100
Convert -3 (base 15) to base 3.
-10
What is -68 (base 13) in base 9?
-105
32 (base 4) to base 12
12
What is -64 (base 12) in base 13?
-5b
What is 7 (base 14) in base 16?
7
What is -1c (base 13) in base 8?
-31
4 (base 14) to base 6
4
What is -101 (base 2) in base 6?
-5
-b (base 14) to base 9
-12
Convert 135 (base 16) to base 5.
2214
Convert -115 (base 12) to base 5.
-1121
What is -c (base 16) in base 6?
-20
230 (base 8) to base 9
178
-49 (base 15) to base 8
-105
-4 (base 5) to base 13
-4
What is 1 (base 2) in base 6?
1
-10 (base 10) to base 5
-20
Convert 2c (base 13) to base 15.
28
Convert -56 (base 9) to base 4.
-303
Convert -45 (base 13) to base 5.
-212
Convert 3 (base 10) to base 14.
3
Convert 55 (base 6) to base 12.
2b
What is 5 (base 16) in base 9?
5
Convert -1 (base 13) to base 4.
-1
0 (base 10) to base 15
0
Convert -2212 (base 3) to base 11.
-70
-1 (base 14) to base 12
-1
Convert 28 (base 9) to base 11.
24
-8 (base 14) to base 13
-8
322 (base 5) to base 4
1113
Convert -22 (base 4) to base 11.
-a
